
Suppose -4*l - 18 - 190 = 0. Let s = l + 74. Is s a multiple of 13?
False
Suppose 0 = 2*i + a + 4*a - 16, -2*a + 10 = 2*i. Let f = -6 + i. Let o = 10 - f. Is o a multiple of 7?
False
Is 3 a factor of 8*(6/(-4) - -4)?
False
Let w(a) = a**2 - 8*a + 6. Let q(l) = l**2 + 3*l + 6. Let t be q(-4). Is w(t) a multiple of 13?
True
Suppose -2*d = 2*d. Suppose d*h + 4*h = 0. Suppose 0*o - o + 11 = h. Does 8 divide o?
False
Let u(g) = -7*g**2 - 2*g + 1. Let q be u(1). Let x be (q/5)/(8/(-20)). Does 4 divide 15 - 0*(-2)/x?
False
Let g = -10 - -17. Suppose g*b = 2*b + f + 24, -2*b = -3*f - 20. Suppose 16 = -b*i + 112. Is 10 a factor of i?
False
Suppose 2*b - 8 = -2*b. Does 13 divide b*2 + 0 + 22?
True
Let n(c) = c**2 + 11*c - 1. Is 24 a factor of n(-15)?
False
Let z(w) = -w**3 + 5*w**2 - 4*w + 3. Let f be z(4). Suppose -f*v + 8*v = 0. Suppose -q + 6*q = 4*y + 24, v = -5*y + 20. Is q a multiple of 8?
True
Let c be (0 - -6)/(2/4). Suppose 3*l - c = -0*l. Let h = l - -4. Does 3 divide h?
False
Let w(y) = -y**3 + 21*y**2 - 19*y + 32. Is w(20) a multiple of 19?
False
Suppose -5*d + 0*d + 5*i = -25, 3*i = -2*d. Suppose 5*u + d*g = 7*g - 6, 0 = 5*u + g - 14. Is 2 a factor of u?
True
Suppose -s + 8 = -3*v, -v = -0*v + 2. Suppose -2*q + 94 = s*m + 3*q, q - 152 = -4*m. Suppose 32 + m = 3*j. Is j a multiple of 16?
False
Let g(i) = -13*i - 8. Is 27 a factor of g(-5)?
False
Let q be (2 - 1/1)*0. Let m = 3 + q. Suppose -m*i + 20 = 2*i. Does 2 divide i?
True
Let r(o) = 5*o**2 - 3*o + 30. Is r(5) a multiple of 7?
True
Let q = 210 + -99. Does 17 divide q?
False
Suppose -15 = -2*d - i, -4 = -2*d + d + 3*i. Suppose -10 = 5*k, l = -0*k + 3*k + d. Suppose 5*h - 16 = -l. Is 3 a factor of h?
True
Let i be 10/(-6)*(-3)/1. Suppose -32 = w - i*w. Is 4 a factor of w?
True
Suppose -2*c = -i - c + 10, -5*i = -3*c - 58. Does 14 divide i?
True
Let v(u) = -u**2 - u. Let f(a) = -a + 9. Let n be f(9). Let b be v(n). Suppose -2*k - 3*k + 195 = b. Is k a multiple of 13?
True
Suppose 4*b - 1 = -21, j - 93 = 3*b. Is j a multiple of 17?
False
Suppose 2*j = 13 + 9. Let v(l) = -5*l + 3. Let t be v(-4). Let u = t - j. Is 9 a factor of u?
False
Let j(v) = v**3 + 5*v**2 - 2. Let b be j(-5). Let y(s) = -2*s**3 - s**2 - 2*s. Is 16 a factor of y(b)?
True
Let j = 5 + 0. Let o = 8 - j. Suppose -12 = -o*s - s. Is s even?
False
Is 32 + (-4)/(1/1) a multiple of 14?
True
Suppose 23 = 6*l - 25. Is 4 a factor of l?
True
Does 5 divide 18/12 + 111/6?
True
Let z be (0 - -1)*(1 - 2). Let v = z - -22. Suppose f - v = 7. Is 12 a factor of f?
False
Let t(w) = 2*w**2 + 2*w + 3. Does 20 divide t(-6)?
False
Suppose w + 2 = -3*r, -w - 1 - 1 = r. Let s = 5 - w. Is s a multiple of 2?
False
Let b = 33 - 20. Let w be (8/5)/(8/100). Let i = b + w. Does 10 divide i?
False
Suppose -56*u = -55*u - 56. Is u a multiple of 8?
True
Suppose 0*l = l + 2, -d + 5*l = 22. Let x(y) = 9*y - 7. Let i be x(-5). Let v = d - i. Is v a multiple of 10?
True
Let c(p) = -p**3 + p**2 + p - 1. Let i be c(1). Does 24 divide 26*1 + i + -2?
True
Is 2/4 - (-110)/20 even?
True
Suppose -7*t - 45 = -6*t. Let d = t - -95. Is 13 a factor of d?
False
Suppose 2*b = -0*b. Suppose 49 = 4*m + c - 0*c, b = 4*c - 20. Is 11 a factor of m?
True
Suppose -3*t - 104 = -5*l + 69, 0 = -2*l + t + 69. Does 17 divide l?
True
Let b = -2 + 0. Let s be 72/1 + (-5 - b). Let x = -12 + s. Is 19 a factor of x?
True
Suppose 5*i - 4 = 11. Suppose i*t - 57 = 33. Is 15 a factor of t?
True
Let f = -19 - -19. Is (1 + 5)*5 + f a multiple of 6?
True
Let i(s) = s**3 + 12*s**2 + 7*s + 10. Is i(-11) a multiple of 30?
False
Suppose -47 - 97 = -3*r. Does 6 divide r?
True
Let q(u) = -u**2 - 28*u - 3. Does 12 divide q(-18)?
False
Suppose 0 = 5*d - d. Let k = d + 2. Is 17 a factor of (k/(-4))/((-1)/68)?
True
Let f be 8/(-12)*9/(-2). Suppose 7*n = f*n - 4*w + 132, -6 = -3*w. Does 11 divide n?
False
Let t = -363 - -508. Suppose t = 5*a - d, 2*d - 100 = -4*a + 6*d. Does 6 divide a?
True
Let f(y) = 10*y + 0 + 2 + 0 - 5. Is f(6) a multiple of 19?
True
Let g be ((-4)/6)/((-3)/9). Suppose 13 = -h - g*z + 47, -3*h - 2*z = -106. Does 12 divide h?
True
Suppose 5*s = 3*h - 88, -2*h + 5*s + 15 = -47. Is h a multiple of 11?
False
Let z be ((-150)/(-9))/(3/72). Does 22 divide (24/20)/(6/z)?
False
Suppose 0 = 4*j - 4*c + c - 24, c = 0. Suppose -j*l + 129 = -3*l. Is 18 a factor of l?
False
Suppose 7 = -3*c + 49. Does 8 divide c?
False
Let y be (-58 + (-1 - -1))/(-2). Suppose a - y = 7. Does 11 divide a?
False
Let h be (-141)/5 - 8/(-40). Let j = -44 - h. Is (1 - 53)/(j/8) a multiple of 9?
False
Let u = 41 - 24. Suppose -2*d - 3*v - 3 = 3*d, -3*d + 2*v = u. Is d*((1 - 15) + 3) a multiple of 9?
False
Let y be (-3 + 4)*(3 + 1). Suppose y*s - 232 + 52 = 0. Is s a multiple of 12?
False
Let v be (1/(-2))/(4/(-16)). Suppose 8 = v*x, -k + 25 = -0*k + 2*x. Is 16 a factor of k?
False
Suppose 3*v = 5*o + 15, 2*o - v + 15 = 2*v. Suppose -7*q + 2*q + 4*i + 20 = o, 5*q - 20 = i. Does 3 divide q?
False
Suppose 13*q = 8*q + 110. Does 11 divide q?
True
Let f(k) = 55*k**3 - k**2 + k - 1. Let i be f(1). Suppose 2*v + 2 = i. Is 13 a factor of v?
True
Suppose 2*t - 165 = -3*i, 3*t + 51 = i + 5*t. Is i a multiple of 21?
False
Suppose -2*j - 259 + 83 = -3*m, -4*m - 3*j = -246. Is m a multiple of 12?
True
Let o(v) = -20*v. Let w be o(-4). Suppose 0 = 3*a - 7*a + w. Suppose 0 = 7*c - 2*c - a. Is 4 a factor of c?
True
Suppose h - 43 = -2*s, -3*h = 2*s + h - 34. Is s a multiple of 9?
False
Let t = 79 - 48. Is t a multiple of 12?
False
Is ((-1)/(-1))/(4 - 95/24) a multiple of 4?
True
Suppose c + 20 = 5*a - 235, -141 = -3*a + 3*c. Suppose s = 3*q - 35, 5*q - a - 4 = 4*s. Is q a multiple of 7?
False
Is 30 a factor of 4/26 - 7700/(-143)?
False
Suppose -v = -3*v - 2*x, 0 = 4*v + 5*x + 3. Let a = 114 - 36. Suppose 104 = -0*j + 4*j + v*c, -3*j + a = 3*c. Does 11 divide j?
False
Suppose 42 = 4*v - 10. Let t(m) = 2*m + 10. Does 18 divide t(v)?
True
Suppose -d = -4 - 43. Does 27 divide d?
False
Suppose n = 4*w - 29, 2*w + 1 = 4*w - 5*n. Let s be 19/(-3) + w/24. Is 11 a factor of (33/s)/(-1)*2?
True
Suppose -331*v + 39 = -330*v. Is v a multiple of 3?
True
Let m(q) = 303*q**2 + 5*q - 4. Is m(1) a multiple of 49?
False
Suppose n + 35 = 6*n. Suppose -n*b + 9 = -4*b. Suppose 2*y = -b*y - 4*v + 94, v = 1. Is 11 a factor of y?
False
Does 24 divide -246*1/(-2) - 3?
True
Let k be 0/(-2) + (-1 - -5). Suppose -n + k = n. Does 18 divide (-1)/(4/n)*-36?
True
Suppose 0 = -0*v + 2*v - 4. Suppose 15 = -0*z - 3*z, -v*s + 3*z + 35 = 0. Is s a multiple of 4?
False
Let d be (-34)/6*36/3. Let f = d + 34. Is ((-10)/4 - -2)*f a multiple of 11?
False
Suppose -5*j - 644 = -4*u, -j - 162 = -0*u - u. Is u a multiple of 19?
False
Let w = 28 - 15. Suppose 4*d - w = 2*v - 5, 5*d - 10 = v. Is (-136)/(-14) + d/7 a multiple of 10?
True
Let s = 3 - -2. Let q be 3/2 + s/(-10). Does 7 divide (-33)/q*(-2)/3?
False
Suppose z = 4*b - 45, 3*z + 24 = b - 1. Does 10 divide b?
True
Let a be 14/3*(4 - 1). Does 6 divide 82/7 - (-4)/a?
True
Let m be 10/(4/2 - 0). Suppose 0 = -3*p + d - 11, 3*p + 5*d = m*p + 3. Let g(b) = -b**2 - 8*b - 2. Is 9 a factor of g(p)?
False
Let a(f) = f**3 - 8*f**2 + 2*f - 11. Suppose 4*w - 2 - 30 = 0. Does 2 divide a(w)?
False
Let i(g) = 10*g**2. Is 15 a factor of i(3)?
True
Suppose 7*k - 98 = 21. Is k a multiple of 2?
False
Suppose 4*o + o + 365 = 0. Let h = o - -136. Suppose 5*j - h = 27. Is j a multiple of 9?
True
Let c(z) = 3*z + 77. Is c(14) a multiple of 7?
True
Let r(a) be the second derivative of -1/20*a**5 + 7/12*a**4 - 2*a + a**2 + 0 - 1/3*a**3. Does 13 divide r(6)?
True
Let b = -32 + 54. Let c = 36 - b. Is c a multiple of 13?
False
Let z be -1*22 + (4 - 2). Let n = -12 - z. Is 4 a factor of n?
True
Let o(r) = 12*r + 6. Is 27 a factor of o(4)?
True
Let n(f) = -f**2 + f. Let t(a) = 5*a**2 - 4*a - 1. Let z(k) = 4*n(k) + t(k). Is 8 a factor of z(-3)?
True
Is 35 a factor of (-6)/21 + (-5)/(105/(-5151))?
True
Let q = 128 - -96. Is 9 a factor of q?
False
Let u(r) = -6*r**3 - r**2 - r - 1. Let m be (-1 + 0)*(-5)/(-5). Let d be u(m). Suppose 2*v - d*c = -8*c + 63, v - 35 = -5*c. Is 15 a factor of v?
True
Let g(d) = -d**3 + 7*d**2 + 6*d - 4. Let l = 26 + -20. Is g(l) a multiple of 22?
False
Let r be (-110)/(-4)*12/15. Let j be ((-2)/4)/(6/108). Let t = r + j. Is